 -3*d = -43 - u. What is the greatest common divisor of d and 56?
28
Let g(w) = -w**2 - 1. Let m be g(3). Let j(f) = -3*f - 10. Let p be j(m). Let s = p + -4. Calculate the greatest common divisor of s and 48.
16
Let d(j) = -16*j - 5. Suppose -t - t = -12. Let u be d(t). Let v = -69 - u. Calculate the greatest common factor of v and 4.
4
Suppose -2*i - 4 = -3*u, 4*u + 2*i + 6 = -i. Let v = u + 2. Suppose 2*c + v*o - 30 = -0*c, 1 = o. What is the greatest common divisor of 21 and c?
7
Let i = 141 + -91. Let c = -27 - -47. What is the highest common divisor of i and c?
10
Suppose -4*p + x - 5 = -52, 3*p - x = 35. Let l(a) = 6*a**2 + 7*a + 5. Suppose 2*m + 4 = -6. Let j be l(m). Calculate the highest common divisor of p and j.
12
Let s be ((-28)/(-3))/((-9)/(-297)). Suppose 0 = -4*b - 0*b + s. What is the highest common divisor of b and 7?
7
Let v be (38/8)/(4/16). What is the highest common factor of 19 and v?
19
Suppose -2*k - 3*k = -25. Let x = 17 - k. What is the highest common divisor of x and 30?
6
Suppose x + 7*x = 216. Let a = 3 + 0. Calculate the greatest common factor of a and x.
3
Let r = -5 - -10. Let n = -4 - -3. Let j = 0 - n. What is the highest common divisor of j and r?
1
Suppose g = 5, -15 = -3*v - 4*g + 38. What is the highest common factor of v and 44?
11
Let u(v) = 6*v - 1. Let z be u(2). What is the greatest common factor of z and 55?
11
Let x(u) = u**3 + 5*u**2 - u - 2. Suppose 4*p - 4*l = 2*p - 16, 4*p - l = -18. Let q be x(p). Let g = q - 10. Calculate the highest common factor of 8 and g.
8
Let d be (0*4/12)/1. Let i be -30*(d + (-4)/8). Calculate the greatest common factor of 60 and i.
15
Let n = -155 + 320. What is the highest common divisor of n and 15?
15
Suppose 2*k - 14 = 5*h, -2*h = 4*k - 4*h - 12. Suppose -k*c + 4*c = 18. What is the highest common divisor of 27 and c?
9
Let r = 17 + 11. What is the highest common divisor of r and 7?
7
Let w(c) = -c + 9. Let u be w(4). Calculate the greatest common factor of 5 and u.
5
Suppose 3*t - 614 = 5*f, 970 = 5*t + 4*f + f. What is the highest common factor of t and 18?
18
Let m(y) = -y**2 - 2*y + 2. Let j be m(0). Suppose j*l - 3*l - 19 = -2*o, 3*o = 4*l + 16. Calculate the highest common factor of o and 4.
4
Let r be 44 + (-16)/10 + 4/(-10). Suppose 0*z - 18 = -3*z. What is the greatest common divisor of r and z?
6
Suppose 0 = 5*q - 33 - 17. Let k = -2 - 5. Let p = k + 12. What is the greatest common factor of p and q?
5
Suppose -2*x + 2 = -2*w, -14 = -4*x + 4*w - 2*w. What is the highest common divisor of 54 and x?
6
Let h = -3 - -9. Calculate the highest common divisor of h and 24.
6
Suppose 0 = 4*r + m - 13, -13 = 5*m + 2. Suppose 4*l + l = 20. Suppose 206 = 3*w - l*u + 66, 4*u = 2*w - 96. What is the highest common divisor of w and r?
4
Let j(w) = 9*w**3 + w**2 + 1. Let n be j(2). What is the highest common factor of n and 11?
11
Suppose -r - 55 = 37. Suppose 494 = 5*g - 186. Let y = r + g. Calculate the highest common factor of 11 and y.
11
Let b(p) = 5*p**2 + p - 2. Suppose -3*t - 3 - 6 = 0. Let i be b(t). What is the highest common divisor of i and 5?
5
Let o = 7 + -5. Let v be 1*48 + o + 2. Calculate the greatest common divisor of v and 26.
26
Suppose 2*f - 3 = 3. Suppose -a + f*s = -12, 0 = 4*a - 0*a + 3*s - 63. Calculate the highest common divisor of a and 15.
15
Suppose -t - 4 = 3*t, 5*n + 2*t = 73. Let z = -9 + n. Suppose -5*s + m + 240 = 0, 0 = 4*m - m. Calculate the greatest common divisor of z and s.
6
Let v = 27 + -22. Suppose 0*t + l = -4*t + 82, 0 = v*t + l - 103. What is the highest common factor of t and 7?
7
Let s(n) = -9*n + 1 - 1 - 1 + 4. Let d be s(3). Let m = 46 - d. What is the greatest common factor of 10 and m?
10
Suppose 2*o = -2*g + 148, 415 = 5*o - 0*o - 4*g. Let l = -25 + o. Let c = 7 + 2. What is the greatest common factor of l and c?
9
Suppose -134 = -b - 85. Let l(d) = d**2 + 9*d - 3. Let k be l(-10). What is the greatest common divisor of k and b?
7
Let v(n) = -14*n + 1. Let b = 2 + -3. Let f be v(b). What is the highest common factor of 60 and f?
15
Suppose 48 = -2*x + 4*x. Let g = -38 - -98. Calculate the highest common divisor of g and x.
12
Suppose -22*s = -26*s + 128. What is the greatest common factor of 320 and s?
32
Suppose 0 = -2*z + 4. What is the greatest common divisor of z and 2?
2
Suppose 0*z = -3*z + 15. Suppose -z*d = -2*r - 134, -3*r - 58 = 2*d - 4*d. Calculate the greatest common divisor of d and 65.
13
Let u be 21 + (1 - (1 - -1)). Let t(n) = n**3 - 14*n**2 + 13*n + 3. Let l be t(13). Let k = u - l. What is the greatest common divisor of k and 85?
17
Suppose 13 = 5*j - 2*d, 0 = 2*j + d + 2. Let r be -28*((-3 - -1) + j). What is the highest common divisor of 14 and r?
14
Let l = -5 - -11. Let z be (-15)/6 - l/(-4). Let v be (-2)/2*z + 33. What is the highest common factor of v and 51?
17
Let f = -8 + 10. Suppose -f*g = g - 33. Suppose 6*p - 2*p + 2*j = 80, -3*p + 78 = -3*j. What is the greatest common divisor of g and p?
11
Let x be 4/(-18) - 1420/90. Let m = 82 - x. What is the greatest common factor of m and 14?
14
Suppose -3*o + 4*a + 7 = 0, -4*o - 4*a = -31 + 3. Suppose -p - 28 = -2*u, -8*p - 67 = -o*u - 4*p. What is the highest common divisor of u and 120?
15
Suppose 3*p - 16 = 656. What is the greatest common divisor of p and 28?
28
Suppose -3*p - 2*p = -15, -3*g - 5*p = -6. Let i(d) = d**3 + 3*d**2 - 4*d - 1. Let z be i(g). Let h = 154 + -77. Calculate the highest common factor of z and h.
11
Let d be (20/25)/(4/(-50)). Let c be (-30)/9*24/d. Calculate the highest common divisor of 56 and c.
8
Suppose 4*t - 2*t - 14 = 0. Let m = -6 - -12. Suppose 0 = -3*s - 3 + m. Calculate the highest common factor of s and t.
1
Suppose 2 = t - 0*t. Suppose -4*k + f = -t*k - 25, -5*f = -25. Let s = -3 + k. What is the highest common factor of s and 12?
12
Suppose g + 5*v - 106 = 0, 4*g - v - 277 = 252. Let o = 227 - g. Calculate the greatest common divisor of o and 12.
12
Suppose h - 190 = -2*o, 5*h - 4*h - 194 = 2*o. Let z = -96 + h. What is the highest common factor of 12 and z?
12
Let o be (-7)/14 + 50/4. Let k = o - 1. Suppose -k - 19 = -i. Calculate the highest common divisor of 15 and i.
15
Suppose 40 = 5*h - 0. Suppose -2*w + 6*w = 4. Calculate the highest common factor of w and h.
1
Let h be (25/4)/(1/4). Let g be (-72)/(-7) - (-12)/(-42). What is the highest common factor of g and h?
5
Suppose -3*o - 40 = -3*m + 2*o, o = 4*m - 59. Suppose -2*i - 64 + 20 = 0. Let j = -12 - i. What is the highest common divisor of m and j?
5
Let c = 0 - 3. Let f = c - -12. Suppose 0 = -h + 4*h - 189. Calculate the greatest common factor of f and h.
9
Suppose 5*x - 14 = x - 2*t, 0 = -t + 1. Let f be (4 + -2)*x/6. What is the greatest common divisor of 2 and f?
1
Let f = 8 - 11. Let k be f/(-1)*(-112)/(-3). Calculate the greatest common divisor of 14 and k.
14
Suppose 5*a + 33 = -17. Let g be 24/a*(-30)/9. Calculate the greatest common divisor of 24 and g.
8
Suppose 3*f - 47 = 19. Let t be (0 - -1)*22/2. Calculate the greatest common factor of t and f.
11
Let s(v) = 34*v**2 + 2*v. Let a be s(1). Suppose -4 - 6 = -5*b. Suppose 2*n - a = -b*n. What is the highest common factor of 9 and n?
9
Suppose 0 = -5*p + 2*m - 6*m + 173, -2*m + 70 = 2*p. What is the highest common factor of 3 and p?
3
Let h(j) = j**3 - 8*j**2 + 4*j + 4. Let y be h(7). Suppose 0 = -t - 0*t + 29. Let u = t + y. Calculate the highest common divisor of 12 and u.
12
Let v = 6 + 0. Suppose -2*o + 210 = 5*s, -2*o = -2*s + s + 42. Calculate the highest common factor of s and v.
6
Let a = 51 - 35. Let w = -29 + 42. Let k = 21 - w. Calculate the highest common factor of a and k.
8
Let a = 16 - 1. Suppose -2*y + a = -y. Let d(w) = w**3 - 4*w**2 - 3*w + 6. Let x be d(6). Calculate the highest common factor of x and y.
15
Let s be (98/35)/((-3)/(-45)). Let q = -4 + 10. Calculate the highest common divisor of s and q.
6
Let f = 88 - 83. Let t = 45 - 30. Calculate the highest common divisor of f and t.
5
Let f(g) = -g**3 - 8*g**2 - 6*g + 7. Let t be f(-7). Suppose p = -t - 6. Let h be 19/2 - (-3)/p. What is the greatest common divisor of h and 3?
3
Let v = -11 + 19. Suppose 0 = 5*s - 3*s - 604. Let n = s + -214. What is the greatest common factor of v and n?
8
Suppose 4*h - 59 =